
3
Calculate the remainder when 459 is divided by 98.
67
What is the remainder when 945 is divided by 43?
42
What is the remainder when 250 is divided by 16?
10
What is the remainder when 37 is divided by 14?
9
What is the remainder when 1326 is divided by 89?
80
What is the remainder when 34 is divided by 13?
8
Calculate the remainder when 451 is divided by 220.
11
Calculate the remainder when 251 is divided by 202.
49
What is the remainder when 32428 is divided by 15?
13
What is the remainder when 3673 is divided by 105?
103
What is the remainder when 658 is divided by 11?
9
Calculate the remainder when 49 is divided by 8.
1
Calculate the remainder when 2600 is divided by 7.
3
What is the remainder when 269 is divided by 26?
9
What is the remainder when 1257 is divided by 89?
11
What is the remainder when 112 is divided by 49?
14
Calculate the remainder when 300 is divided by 18.
12
Calculate the remainder when 1753 is divided by 136.
121
What is the remainder when 17 is divided by 9?
8
What is the remainder when 597 is divided by 21?
9
Calculate the remainder when 162 is divided by 24.
18
What is the remainder when 669 is divided by 56?
53
What is the remainder when 478 is divided by 30?
28
What is the remainder when 163 is divided by 8?
3
What is the remainder when 2645 is divided by 166?
155
Calculate the remainder when 72 is divided by 31.
10
What is the remainder when 25534 is divided by 6?
4
What is the remainder when 12652 is divided by 16?
12
Calculate the remainder when 1655 is divided by 144.
71
What is the remainder when 2638 is divided by 10?
8
Calculate the remainder when 21674 is divided by 75.
74
What is the remainder when 1403 is divided by 6?
5
What is the remainder when 126 is divided by 68?
58
What is the remainder when 2650 is divided by 295?
290
What is the remainder when 5271 is divided by 73?
15
Calculate the remainder when 1622 is divided by 36.
2
What is the remainder when 158 is divided by 74?
10
What is the remainder when 5551 is divided by 327?
319
What is the remainder when 70 is divided by 44?
26
What is the remainder when 98 is divided by 8?
2
Calculate the remainder when 2021 is divided by 11.
8
What is the remainder when 122 is divided by 25?
22
Calculate the remainder when 155 is divided by 2.
1
Calculate the remainder when 1775 is divided by 1768.
7
What is the remainder when 233 is divided by 47?
45
Calculate the remainder when 540 is divided by 8.
4
What is the remainder when 54 is divided by 20?
14
What is the remainder when 192 is divided by 49?
45
Calculate the remainder when 5529 is divided by 425.
4
Calculate the remainder when 151 is divided by 69.
13
What is the remainder when 386 is divided by 26?
22
What is the remainder when 211 is divided by 66?
13
Calculate the remainder when 693 is divided by 17.
13
Calculate the remainder when 926 is divided by 910.
16
Calculate the remainder when 201 is divided by 56.
33
Calculate the remainder when 252 is divided by 57.
24
What is the remainder when 27 is divided by 14?
13
Calculate the remainder when 1325 is divided by 121.
115
Calculate the remainder when 143 is divided by 24.
23
Calculate the remainder when 702 is divided by 88.
86
Calculate the remainder when 55 is divided by 16.
7
What is the remainder when 4945 is divided by 22?
17
What is the remainder when 1214 is divided by 19?
17
Calculate the remainder when 59 is divided by 30.
29
Calculate the remainder when 4084 is divided by 215.
214
Calculate the remainder when 1572 is divided by 63.
60
Calculate the remainder when 154 is divided by 62.
30
What is the remainder when 99 is divided by 5?
4
Calculate the remainder when 701 is divided by 78.
77
What is the remainder when 430 is divided by 9?
7
What is the remainder when 687 is divided by 170?
7
Calculate the remainder when 124 is divided by 116.
8
What is the remainder when 96 is divided by 82?
14
What is the remainder when 154 is divided by 134?
20
Calculate the remainder when 91 is divided by 59.
32
Calculate the remainder when 619 is divided by 26.
21
What is the remainder when 282 is divided by 23?
6
Calculate the remainder when 2580 is divided by 41.
38
What is the remainder when 596 is divided by 172?
80
What is the remainder when 2259 is divided by 39?
36
What is the remainder when 41 is divided by 6?
5
Calculate the remainder when 1464 is divided by 163.
160
Calculate the remainder when 206 is divided by 177.
29
Calculate the remainder when 110 is divided by 23.
18
What is the remainder when 194 is divided by 85?
24
What is the remainder when 438 is divided by 51?
30
What is the remainder when 1213 is divided by 243?
241
Calculate the remainder when 28 is divided by 4.
0
What is the remainder when 347 is divided by 99?
50
What is the remainder when 4297 is divided by 856?
17
Calculate the remainder when 164 is divided by 58.
48
Calculate the remainder when 80 is divided by 62.
18
What is the remainder when 434 is divided by 19?
16
What is the remainder when 165 is divided by 60?
45
Calculate the remainder when 47853 is divided by 16.
13
Calculate the remainder when 70 is divided by 29.
12
Calculate the remainder when 7733 is divided by 1933.
1
What is the remainder when 173 is divided by 160?
13
Calculate the remainder when 39 is divided by 37.
2
Calculate the remainder when 19019 is divided by 25.
19
Calculate the remainder when 4511 is divided by 12.
11
What is the remainder when 63 is divided by 8?
7
Calculate the remainder when 169 is divided by 146.
23
Calculate the remainder when 53 is divided by 9.
8
What is the remainder when 429 is divided by 117?
78
Calculate the remainder when 427 is divided by 128.
43
Calculate the remainder when 621 is divided by 18.
9
What is the remainder when 992 is divided by 164?
8
Calculate the remainder when 374 is divided by 29.
26
Calculate the remainder when 103 is divided by 14.
5
What is the remainder when 379 is divided by 48?
43
Calculate the remainder when 1085 is divided by 369.
347
What is the remainder when 702 is divided by 145?
122
What is the remainder when 161 is divided by 6?
5
What is the remainder when 1213 is divided by 76?
73
What is the remainder when 1660 is divided by 49?
43
Calculate the remainder when 993 is divided by 68.
41
What is the remainder when 2384 is divided by 779?
47
Calculate the remainder when 556 is divided by 16.
12
What is the remainder when 3649 is divided by 79?
15
What is the remainder when 1995 is divided by 2?
1
What is the remainder when 763 is divided by 45?
43
What is the remainder when 718 is divided by 13?
3
What is the remainder when 107 is divided by 54?
53
Calculate the remainder when 1400 is divided by 9.
5
What is the remainder when 94 is divided by 51?
43
Calculate the remainder when 1153 is divided by 226.
23
Calculate the remainder when 243 is divided by 75.
18
Calculate the remainder when 411 is divided by 136.
3
What is the remainder when 70 is divided by 60?
10
Calculate the remainder when 503 is divided by 170.
163
Calculate the remainder when 412 is divided by 16.
12
What is the remainder when 406 is divided by 26?
16
Calculate the remainder when 84 is divided by 34.
16
Calculate the remainder when 95 is divided by 32.
31
What is the remainder when 349 is divided by 25?
24
Calculate the remainder when 4177 is divided by 2.
1
What is the remainder when 320 is divided by 36?
32
Calculate the remainder when 49 is divided by 11.
5
What is the remainder when 93 is divided by 6?
3
What is the remainder when 2298 is divided by 92?
90
Calculate the remainder when 113 is divided by 4.
1
What is the remainder when 3161 is divided by 105?
11
Calculate the remainder when 734 is divided by 151.
130
What is the remainder when 158 is divided by 4?
2
Calculate the remainder when 2776 is divided by 1381.
14
What is the remainder when 195 is divided by 24?
3
Calculate the remainder when 1074 is divided by 122.
98
Calculate the remainder when 303 is divided by 169.
134
Calculate the remainder when 585 is divided by 291.
3
Calculate the remainder when 143 is divided by 3.
2
Calculate the remainder when 446 is divided by 50.
46
Calculate the remainder when 1821 is divided by 38.
35
What is the remainder when 206 is divided by 31?
20
What is the remainde